{"version":"1.0","provider_name":"Skilife","provider_url":"https:\/\/www.skilife.ski\/fr\/","author_name":"Francesco Vitali","author_url":"https:\/\/www.skilife.ski\/fr\/author\/fvitali\/","title":"Saison d'hiver 2025\/2026 - Skilife","type":"rich","width":600,"height":338,"html":"<blockquote class=\"wp-embedded-content\" data-secret=\"VWuTQDhLwW\"><a href=\"https:\/\/www.skilife.ski\/fr\/vallee-daoste\/saison-hiver-2025-2026\/\">Saison d&#8217;hiver 2025\/2026<\/a><\/blockquote><iframe sandbox=\"allow-scripts\" security=\"restricted\" src=\"https:\/\/www.skilife.ski\/fr\/vallee-daoste\/saison-hiver-2025-2026\/embed\/#?secret=VWuTQDhLwW\" width=\"600\" height=\"338\" title=\"&#8220;Saison d&#8217;hiver 2025\/2026&#8221; &#8212; Skilife\" data-secret=\"VWuTQDhLwW\" frameborder=\"0\" marginwidth=\"0\" marginheight=\"0\" scrolling=\"no\" class=\"wp-embedded-content\"><\/iframe><script type=\"text\/javascript\">\n\/* <![CDATA[ *\/\n\/*! This file is auto-generated *\/\n!function(d,l){\"use strict\";l.querySelector&&d.addEventListener&&\"undefined\"!=typeof URL&&(d.wp=d.wp||{},d.wp.receiveEmbedMessage||(d.wp.receiveEmbedMessage=function(e){var t=e.data;if((t||t.secret||t.message||t.value)&&!\/[^a-zA-Z0-9]\/.test(t.secret)){for(var s,r,n,a=l.querySelectorAll('iframe[data-secret=\"'+t.secret+'\"]'),o=l.querySelectorAll('blockquote[data-secret=\"'+t.secret+'\"]'),c=new RegExp(\"^https?:$\",\"i\"),i=0;i<o.length;i++)o[i].style.display=\"none\";for(i=0;i<a.length;i++)s=a[i],e.source===s.contentWindow&&(s.removeAttribute(\"style\"),\"height\"===t.message?(1e3<(r=parseInt(t.value,10))?r=1e3:~~r<200&&(r=200),s.height=r):\"link\"===t.message&&(r=new URL(s.getAttribute(\"src\")),n=new URL(t.value),c.test(n.protocol))&&n.host===r.host&&l.activeElement===s&&(d.top.location.href=t.value))}},d.addEventListener(\"message\",d.wp.receiveEmbedMessage,!1),l.addEventListener(\"DOMContentLoaded\",function(){for(var e,t,s=l.querySelectorAll(\"iframe.wp-embedded-content\"),r=0;r<s.length;r++)(t=(e=s[r]).getAttribute(\"data-secret\"))||(t=Math.random().toString(36).substring(2,12),e.src+=\"#?secret=\"+t,e.setAttribute(\"data-secret\",t)),e.contentWindow.postMessage({message:\"ready\",secret:t},\"*\")},!1)))}(window,document);\n\/* ]]> *\/\n<\/script>\n","thumbnail_url":"https:\/\/www.skilife.ski\/wp-content\/uploads\/2016\/11\/Header-stagione-invernale-17-18.jpg","thumbnail_width":1920,"thumbnail_height":444,"description":"Les principales nouveaut\u00e9s La Vall\u00e9e d\u2019Aoste se pr\u00e9pare \u00e0 accueillir les skieurs pour une saison hivernale riche en nouveaut\u00e9s, alliant innovation, s\u00e9curit\u00e9 et offres adapt\u00e9es \u00e0 un large public. L\u2019ouverture officielle de la saison de ski est fix\u00e9e au 25 octobre 2025 avec l\u2019ouverture du domaine de Breuil-Cervinia. Les autres grandes stations suivront rapidement aux... Voir l'article"}

Les principales nouveautés La Vallée d’Aoste se prépare à accueillir les skieurs pour une saison hivernale riche en nouveautés, alliant innovation, sécurité et offres adaptées à un large public. L’ouverture officielle de la saison de ski est fixée au 25 octobre 2025 avec l’ouverture du domaine de Breuil-Cervinia. Les autres grandes stations suivront rapidement aux... Voir l'article
